s of p.
7
Suppose 2 + 6 = 4*k. Suppose -2 = -k*n - 3*z - 1, 4*n + 2 = -2*z. What are the prime factors of (n - 2)*24/(-9)?
2
Suppose 17 = l - 2*i, 0 = -6*l + l - i + 41. What are the prime factors of l?
3
Let s(d) = -d**2 - 7*d - 6. What are the prime factors of s(-4)?
2, 3
Suppose l - 3 = 1. Suppose -2*w - 5*m + 70 = 0, -4*w - l*m + 135 = 19. What are the prime factors of w?
5
Let l(g) = g**3 - 10*g**2 + 18*g - 11. Let y be l(8). Let h(b) be the second derivative of b**3/2 + 2*b**2 - 2*b. List the prime factors of h(y).
19
Let g(w) = 2 + 0 + 0*w + 0 + w. Let f = 8 + -6. List the prime factors of g(f).
2
Let s(m) = -9 + 2*m - 1 + 11. Let a be s(1). List the prime factors of 3 - (a - 3 - 1).
2
Suppose v = 11 + 6. Let q = v + -10. What are the prime factors of q?
7
Let x be (-30)/(-40) - 2/(-8). Suppose d - x = 26. List the prime factors of d.
3
Suppose 3*f + 80 = 2*i + f, 148 = 4*i - f. Suppose -10 = -3*m - 5*q + i, -4*q - 8 = -4*m. List the prime factors of m.
7
Let i be -4 - -22 - (1 + -3). What are the prime factors of 28/i*(4 - -1)?
7
Suppose 3*z - x + 12 = 0, -3*z = -2*x + 27 - 12. Let j(l) = 2*l**2 - 3. Let r be j(z). What are the prime factors of (-1)/((r/54)/(-5))?
2, 3
Let t(s) = -7 - 2 + 0 - 3*s. List the prime factors of t(-7).
2, 3
Suppose 5*d = -4*q + 1086, 3*q - 1094 = -q - d. What are the prime factors of q?
2, 137
Let k(c) = 24*c + 19. List the prime factors of k(9).
5, 47
Let y = 13 + -8. Suppose -17 - 38 = -y*d. What are the prime factors of d?
11
Suppose -2*m + 1 = -71. List the prime factors of (m/(-20))/((-2)/30).
3
Suppose 5 = -p, 6*s + 3*p = 3*s - 30. Let k be (4/s)/(4/(-70)). Let z = k - 9. List the prime factors of z.
5
Suppose -4*y + 2*y + 8 = -4*n, -3*n - 1 = y. Let j be 4 - n - 10/5. Suppose -48 = -m - j*m. List the prime factors of m.
2, 3
Suppose 0 = -4*b + 2*a + 4, 2*b - 1 + 3 = 2*a. Suppose 0 = -h - 1 + b. What are the prime factors of h?
2
Let i be 0 + -1 - 10*4. Let m(u) = -u**3 - 7*u**2 - 6*u - 6. Let a be m(-5). Let l = a - i. List the prime factors of l.
3, 5
Let i(a) = 5*a + 7. Let j be i(-5). Let g = 39 + j. What are the prime factors of g?
3, 7
Suppose -2*q + 2*s - 2 = 0, 0 = -5*q - 3*s - 0 + 3. Suppose q = -0*f - 5*f + 50. What are the prime factors of f?
2, 5
Let c be 21/6 + (-2)/4. Let a = -23 + c. Let x = a - -34. What are the prime factors of x?
2, 7
Let a be (-3)/(-6)*(-604)/(-2). Suppose 5*h = h - 16, -5*p = -4*h - a. Suppose -5*d + 67 - p = 0. List the prime factors of d.
2
Let w(z) = z**3 + z**2 + 2*z + 48. List the prime factors of w(0).
2, 3
Suppose 4*t + 2*i - 30 = 4*i, -i = 1. Suppose 3*r = -m - 5, 0*r + 5*m = r + t. Let j(l) = 2*l**2 - 2*l - 1. What are the prime factors of j(r)?
11
Let n be 23/5 - 10/(-25). Suppose n = -d, 5*t - 3*d = -d + 35. Suppose t + 1 = c. What are the prime factors of c?
2, 3
Suppose 0 = 2*c + 5*k - 104, 5*c - 196 = -5*k + 64. List the prime factors of c.
2, 13
Let q(a) = -229*a. List the prime factors of q(-1).
229
Let r(h) = h + 5. Let w be r(-8). Let v = w + 6. Suppose d + 10 = v*d. List the prime factors of d.
5
Suppose -5*a = -4*f - f - 30, -4*a + 3*f + 24 = 0. List the prime factors of a.
2, 3
Let b(g) = -g**3 - 6*g**2 + 6*g - 5. Let d be b(-7). Suppose 0 = -2*w + 8 + 2. Suppose -5*t = 3*o - 10, w*o - o = -d*t - 10. List the prime factors of t.
5
Let d be ((-9)/18)/((-1)/4). Let f be (6/(-15))/(d/(-20)). Suppose -f*w = -9 - 7. What are the prime factors of w?
2
Let j = -11 + 14. Suppose j*q - 8*q + 45 = 0. What are the prime factors of q?
3
Let y = -22 + 36. List the prime factors of y.
2, 7
Suppose 0 = 5*j - 2*l + 135, 18 = -5*j - 2*l - 117. List the prime factors of (-63)/j*(-6)/(-2).
7
Suppose -l + 2*f - 2 = -11, 0 = 2*l + 2*f - 6. Suppose -4*j - 26 = -l*j. What are the prime factors of j?
2, 13
Suppose -3*q + 4*q - 20 = -5*u, 0 = 3*q - 5*u - 100. Suppose m = -q + 3. What are the prime factors of 2/8 + m/(-4)?
7
Suppose 36 - 120 = -5*v + r, -13 = -v + 4*r. What are the prime factors of v?
17
Suppose -101 = -3*y + 4*s, -y = -2*s - 32 - 5. List the prime factors of y.
3
List the prime factors of (-4)/(-5)*50/(-20) - -161.
3, 53
Let m(y) = -y + 3. Let j be m(0). Suppose 35 = j*g + 8. List the prime factors of g.
3
Suppose 320 = 6*f - f. Suppose 2*g = -2*g + f. What are the prime factors of g?
2
Let i = 53 - 5. What are the prime factors of i?
2, 3
Let x be (-35)/(-1 - 0) + 1. Suppose 0 = -i - 2*u - 10 - 16, 2*i - 3*u = -38. Let d = x + i. What are the prime factors of d?
2, 7
Let h = -16 + 10. Let l be 10 - 0*3/h. What are the prime factors of ((-12)/l)/(15/(-100))?
2
List the prime factors of (-3)/(-6) + 81/2.
41
Let u = -3 + 35. What are the prime factors of u?
2
Suppose d - 12 = 18. Let v be ((-3)/(-2))/(9/d). Suppose v*j = 17 - 2. What are the prime factors of j?
3
Suppose y + 168 = 6*y + 4*t, -81 = -2*y + 3*t. What are the prime factors of y?
2, 3
Suppose 2*n - 157 = 43. List the prime factors of n.
2, 5
Let n = 2 + 2. Let l = 0 + n. Suppose -2*w + l = 3*j, 3*w - 4*w - j + 4 = 0. List the prime factors of w.
2
Suppose 13*j = 14*j - 28. What are the prime factors of j?
2, 7
Let c be 1/(2 - 4)*4. Let h(r) = 4*r**2 + 3*r + 2. List the prime factors of h(c).
2, 3
What are the prime factors of (6/9)/((-1)/(-1536)*4)?
2
Let j(s) = 2*s + 11 - 9*s - 2*s. List the prime factors of j(-4).
47
Let a(t) = -t**2 + 6*t. Let g be a(5). Suppose 0 = -2*o + h + 23, 0 = -2*o + 3*h + g + 12. What are the prime factors of o?
13
Suppose 0 = -p - 65 + 90. List the prime factors of p.
5
Suppose -6*y - 64 = -8*y. List the prime factors of y.
2
List the prime factors of (-92)/(-2) - ((1 - 2) + 2).
3, 5
Suppose -6 + 14 = 4*o + 2*u, 0 = -2*o - 3*u. Suppose -4*j + 50 = o*q, 58 = 4*j + 3*q - 4*q. List the prime factors of j.
2, 7
Let k = 2 - -1. What are the prime factors of k?
3
Let y(a) = -11*a**3 - 2*a - 1. Let o be y(-1). Let l(u) = -2*u - 5. Let b be l(-6). Let z = o - b. What are the prime factors of z?
5
Suppose 2 - 30 = -2*k. List the prime factors of k.
2, 7
Suppose 3*v - 5*r - 102 = 0, 3*r + 208 - 38 = 5*v. Let t = 56 - v. Suppose t - 3 = q. What are the prime factors of q?
19
Let p(g) be the third derivative of -g**5/60 - g**4/3 - g**3/2 + 2*g**2. Suppose 9 = -3*u - 6. What are the prime factors of p(u)?
2, 3
Let g(m) = -13*m - 1. Let w be g(-1). Let k be -4 + (2 + 2 - -23). Let d = k - w. What are the prime factors of d?
11
Let m = 230 - 140. List the prime factors of ((-1)/(-2))/(3/m).
3, 5
Let c(d) = -d**3 + 6*d**2 - 5. Let n be c(6). What are the prime factors of 2/5 - 8/n?
2
Let r = -17 - -25. What are the prime factors of r?
2
Let v(m) = m**3 + 7*m**2 + 5*m + 9. Let s be (-26)/(-6) + 5/(-15). Suppose -p - 1 = -4*z - 23, 3*z + 26 = -s*p. What are the prime factors of v(z)?
3, 5
Let l(r) = -r**3 + 13*r**2 - 17*r - 19. What are the prime factors of l(11)?
2, 3
List the prime factors of (1 + 0)/(1/18).
2, 3
Suppose -3*d + 5 = -4. Suppose -d*n - 9 = 0, -5*n - 53 - 106 = -3*q. List the prime factors of q.
2, 3
Suppose -p + 6 = 2*p. Suppose 5*m - 45 = p*m. List the prime factors of m.
3, 5
Let b(t) = -t**2 + 5*t + 1. Let n = -2 - -7. Let q be b(n). Suppose u + 6*z - z - q = 0, 5*z = 2*u - 32. List the prime factors of u.
11
Let w(b) = 4*b + 0 + 9*b**2 + 2 - 2*b**2. What are the prime factors of w(-2)?
2, 11
Let y be (4/(-10))/((-1)/(-5)). Let m = 5 + y. What are the prime factors of m?
3
List the prime factors of 0 + 0 + 76 + -8.
2, 17
Let r(u) = -u**2 - 23*u - 31. What are the prime factors of r(-21)?
11
Suppose 7*w = 2*w + 15. Suppose -2*q - 70 = w*q - 2*b, -2*q - 27 = -b. Let v = q + 22. List the prime factors of v.
2, 3
Suppose p + 65 - 444 = -3*j, -5*p - 480 = -4*j. What are the prime factors of j?
5
Suppose -l + 177 = 5*z, -4*z = 2*l + l - 476. What are the prime factors of l?
2, 19
Suppose -24 = -5*s + 31. What are the prime factors of s?
11
Let o(w) = 5*w + 4. What are the prime factors of o(5)?
29
Suppose 5*p = 8*p + 78. What are the prime factors of p/(-4) - (-6)/12?
7
Let i = 48 + -19. List the prime factors of i.
29
Let k = -52 + 27. List the prime factors of 1/(2 + k/13).
13
Let f be 6/4*8/6. Suppose 2*h - 26 = 5*d + 8, -3*d + 66 = f*h. Suppose -h = -2*i - i. List the prime factors of i.
3
List the prime factors of -1 - 2 - -1 - -9.
7
Let y = -2 - 2. Let v = 